) = 20418*g**2 + 38*g - 83. Is u(2) a composite number?
True
Let g = 1733 - 931. Let c(h) = 322*h**3 + 2*h + 1. Let j be c(-1). Let d = j + g. Is d a prime number?
True
Let l(x) = -1872*x**3 + 3*x**2 - 10*x - 31. Is l(-2) a prime number?
False
Let h be 1/((-2)/(-6540)) + 3. Is (h/6)/(1/((-8)/(-4))) a composite number?
False
Suppose -17*c + 4*c + 93067 = 0. Suppose -4*k - g = -c - 572, 4*k - 7716 = -4*g. Is k composite?
True
Let y(d) = 11974*d**2 + 97*d - 7. Is y(-4) composite?
False
Let t(l) = -l**3 + 13*l**2 + 26*l - 1. Let n be t(13). Is n/(-3)*(-48)/8 a prime number?
False
Is (0 - -7721586)*(-436)/(-7848) a prime number?
True
Let r(j) = -196880*j - 5. Is r(-3) a composite number?
True
Suppose 2*t + 3*t = 0. Suppose -626*s + 642*s - 44672 = 0. Suppose s = p - 5*k, -k + 13882 = 5*p - t*k. Is p prime?
True
Suppose 17*w - f = 22*w - 2144521, 3*f + 2144537 = 5*w. Is w prime?
False
Suppose 123*w = 2452349 + 3254728. Is w prime?
True
Let u(i) = i**2 - 3*i + 11. Let r be u(4). Is 5822/5 + ((-72)/r)/(-8) composite?
True
Suppose -4*w + 2*s - 3120 = 0, 2*s = -2*w - 2*s - 1550. Let f = w - -294. Let n = -274 - f. Is n a composite number?
False
Let o be 13/(91/(-28)) + 3. Is 3454 + o*(-7 - -6)*3 a prime number?
True
Let n be (-2 + (4 - (-15)/(-6)))*-1856. Suppose 0 = 5*z - 1627 - n. Is z prime?
False
Let y(k) = 909*k**3 - 2*k**2 - 4*k - 2. Let a be y(-1). Let w = a - -3377. Suppose 446 + w = 2*j. Is j a composite number?
True
Let w = -46 - -145. Suppose z + w = 241. Suppose j - 69 = 5*i + z, -5*i - 20 = 0. Is j a composite number?
False
Suppose 0 = -4*f + 3*s - 0*s + 9734, 9724 = 4*f + 2*s. Suppose -6*o + 3*g - 15 = -2*o, 4*o + 2*g + 10 = 0. Is f + (-1 + -1)*o/(-2) prime?
False
Suppose -2*s - 3*a = -s - 3082, 0 = -s - 4*a + 3086. Suppose 23*i = 33*i - s. Is i prime?
True
Suppose 2*h - 4241 + 491 = 0. Suppose h = 8*q - 6709. Is q prime?
False
Suppose -42*z - 552 = -65*z. Is 483846/z + (-33)/(-44) composite?
False
Let l(r) = 3572*r**3 + 3*r - 4. Suppose q - 5*g = 6, q + 0 + 3 = -4*g. Is l(q) prime?
True
Is 951568/(-64)*(-208)/4 a prime number?
False
Suppose -24 = -4*z - 4. Suppose 144 = 7*j + z*j. Is 3594 - (-3)/(j/4) prime?
False
Suppose -2*m = 2*y - 435796, 41*y + 217907 = m + 45*y. Is m prime?
False
Suppose 3*x - 223309 = 2*d, 26*d - 20*d = 2*x - 148840. Is x a prime number?
True
Let d = -4875 + 2808. Let f = d - -4226. Is f composite?
True
Let w(h) = 508*h**3 + 2*h**2 - 2*h + 1. Let l be w(1). Let m = 8454 + l. Is m composite?
False
Suppose -4*j + 0 = 4*k - 28, 4*k - 3*j - 35 = 0. Let c be 3*-1 + (3 - (-4 + k)). Is 1151*(-2)/8*c prime?
True
Let l(g) be the second derivative of 2*g**4/3 + 11*g**3/3 + 7*g**2/2 + 199*g. Is l(-20) prime?
True
Let s(p) be the third derivative of -14*p**2 + 0*p - 137/8*p**4 + 13/6*p**3 + 0. Is s(-2) a prime number?
False
Suppose 20*k - 11220309 + 1774849 = 0. Is k composite?
False
Let n(r) = -2067*r - 68. Suppose 0 = 12*q - 51 + 111. Is n(q) prime?
True
Let w = 21109 - 11195. Is w prime?
False
Let f(z) = 189*z**2 + 1555*z - 137. Is f(64) prime?
True
Suppose 101*j + 122*j = -11*j + 273525642. Is j a composite number?
True
Is 2/(-2) + -1*2*169236/(-9) a composite number?
False
Let v be 2/(-5) - (-26)/(-10). Let j(c) = -84*c**3 - 9*c**2 + 24*c + 30. Let f be j(3). Is (2/v)/((12 - 5)/f) composite?
True
Let v = 679848 - 388769. Is v prime?
False
Suppose 72*y + 54*y + 270512 - 9682586 = 0. Is y composite?
False
Suppose -3*q - 3*z - 3 = 0, -25*z = -29*z - 20. Let j(o) = o**3 + 6*o**2 + 4*o - 4. Let d be j(-4). Is 31600/d - q/12 a composite number?
False
Suppose -2*u + 2*o + 10 = 3*u, -4 = -2*u - 4*o. Let f(h) be the first derivative of 133*h**3/3 + h**2 - 3*h - 1. Is f(u) a composite number?
True
Let a = -76935 + 291784. Is a a composite number?
False
Let i(g) = -70*g - 115179. Let o be i(0). Is (o/(-6))/((-1)/(-2)) prime?
True
Suppose 3*g = 5*t + 21734, -2492 = -2*g - 5*t + 11989. Is g a prime number?
True
Let g(p) = 268*p**2 + 42*p - 21. Is g(-5) a composite number?
False
Suppose 31*r = 29*r - 1316. Let u = r - -962. Suppose -5*q = -2*y - 387, -5*q = -q + 4*y - u. Is q composite?
True
Let n = 43823 - 13812. Is n composite?
False
Let i be (0 - 0)*(-34)/68. Suppose i = 10*v - v - 36. Let g(f) = 7*f**2 + 7*f - 9. Is g(v) a prime number?
True
Suppose -w = d - 4, -5*d = -d - 16. Suppose -20 = -4*i - w*i. Let p = i - -122. Is p a prime number?
True
Let w(t) = 19*t**2 + 196*t - 996. Is w(49) a prime number?
False
Let p(f) = 8*f - 52. Let x be p(7). Is x*1 + 1/((-1)/(-11859)) composite?
False
Let h(i) = 61 - 109 - 24 - 6*i. Let l be h(-12). Suppose l = 5*t - z - 7356, -3*t + 4409 = 2*z + 2*z. Is t prime?
True
Let x be 17704/16 + (-2)/(-4). Suppose -150 = -3*w + x. Suppose w = -s + 2*s. Is s prime?
True
Let f = 1670489 + -755712. Is f a composite number?
False
Let i be 7346 + (-4 - (-4)/4). Suppose 167*l - 174*l + i = 0. Is l a composite number?
False
Suppose 0*o = -10*o + 365040. Suppose 9961 = -11*s + o. Is s a composite number?
True
Let y(o) = -1648*o**3 + 3*o**2 + 69*o + 27. Is y(-8) a composite number?
False
Let r = -102666 - -297475. Is r composite?
False
Suppose 10*b = 14*b + 16. Let j = -4 - b. Suppose -4*k + j*k = -4604. Is k prime?
True
Suppose 20*g + 348153 - 2200613 = 0. Is g a prime number?
True
Let x(y) = -y**3 + 3*y**2 - 3*y - 4. Let i be x(4). Let q = i + 56. Is ((-5412)/q)/((-1)/2) a composite number?
True
Suppose -18*i = 15*i - 13*i - 228820. Is i composite?
True
Suppose -2*x + 2*h = -33100, -5*h = x - 10862 - 5718. Let s = x - 7142. Is s a prime number?
True
Let a be 7/42 + 23*(-1)/(-6). Suppose -51221 = -21*h + a*h. Is h prime?
False
Suppose -2*f - 916873 = 5*c, 4*c - f = -4*f - 733497. Is (c/(-18) + -3)*2 a composite number?
False
Let h be (-1 + 0)/(3 + -4). Suppose 5*f - 35 = 5*i, -h = 9*f - 8*f - 3*i. Let q(v) = 8*v**2 - 5*v + 16. Is q(f) composite?
False
Suppose 0 = -455*h + 527*h - 295128. Is h composite?
False
Let m(x) = -2554*x - 605. Is m(-14) composite?
True
Let y(b) be the second derivative of -b**5/10 - b**4/6 - 19*b**3/6 + 13*b**2/2 - b. Let i be y(9). Let x = i - -3021. Is x a composite number?
True
Let v(x) = 11*x - 66. Let h be v(6). Suppose -5*m - 11119 = -2*u, 5*u - 27788 = -h*m + 3*m. Is u a composite number?
False
Is (2/(-10))/((-323)/3767795) composite?
False
Is -1 - 24787140/(-27) - (964/(-36) + 27) a composite number?
False
Suppose 12*s - 61050 = -200058. Let r = 18867 + s. Is r a composite number?
False
Let p be 860/(-8)*(57/15 + -3). Is 898/(-5)*1075/p a prime number?
False
Let l(u) be the first derivative of 10*u - 2/3*u**3 + 37 - 43/2*u**2. Is l(-8) a composite number?
True
Suppose 0 = 4*u - 19 + 3. Suppose -u*g - 11 - 1 = -2*d, 5*g - 34 = -d. Suppose 3*j + 7733 = d*j. Is j prime?
False
Suppose -6*f + 7400 = -4*f. Suppose 0*l + 2*c = -l + f, 0 = 5*c - 15. Suppose -l = 2*p - 4*p. Is p a composite number?
False
Let v(r) = r**3 + 15*r**2 + r + 15. Let x be v(-15). Suppose x = 5*q - 5697 - 25238. Is q composite?
True
Let z = 4561 + -160. Let q = z + -2518. Is q a prime number?
False
Suppose 12*l = 14*l + 352. Let q = l - -1699. Is q a prime number?
True
Let l(v) be the second derivative of v**5/5 - 25*v**4/12 + v**3 + 21*v**2/2 + 190*v. Is l(8) a prime number?
False
Suppose 46471 = r + x, -5*r + 31*x + 232319 = 30*x. Is r composite?
True
Let y be (-12)/10*-5 + 1*-1. Suppose 5*z + 2*o + y = 7*o, 4*o - 4 = z. Suppose z = 5*w + 3*s - 16385, -3*s + 180 = -w + 3457. Is w composite?
True
Let u(f) = f - 3. Let w be u(7). Suppose -w*b + c + 2919 = -3314, 2*c - 1565 = -b. Is b composite?
False
Let s = -78 + 82. Suppose 0 = -2*a + 5*j + 22054, 0 = j + s - 6. Suppose 9*r + 3373 = a. Is r composite?
True
Suppose 0 = 3*q - 49 + 19. Let t(b) be the first derivative of b**4/4 - 7*b**3/3 + 3*b**2 - 7*b - 5132. Is t(q) prime?
True
Let h = 75105 - 33452. Is h prime?
False
Suppose -82*r + 341209 + 1244536 = -448101. Is r composite?
True
Let k = 4789 + -3263. Let n = -709 + k. Is n a composite number?
True
Suppose -2*j - 1358 = -3*j. Suppose 5*a - 4*d - 38 = 17, -2*a + 3*d + 29 = 0. Suppose -a*x + j = -5*x. Is x a composite number?
True
Suppose 12*h = 8*h - 2*s + 218876, 0 = h + s - 54719. Is h a composite number?
True
Suppose 2*a + 14 + 7 = -5*t, 0 = a + t + 3. Suppose -32073 = -3*p + z, a*p + z - 2*z = 21383.